{"id":13,"date":"2019-12-19T08:55:08","date_gmt":"2019-12-19T08:55:08","guid":{"rendered":"http:\/\/sammyswoodenheart.com\/?page_id=13"},"modified":"2019-12-19T10:03:20","modified_gmt":"2019-12-19T10:03:20","slug":"faq","status":"publish","type":"page","link":"http:\/\/sammyswoodenheart.com\/?page_id=13","title":{"rendered":"FAQ"},"content":{"rendered":"\n<h2 class=\"wp-block-heading\">FAQ<\/h2>\n\n\n\n<h4 class=\"wp-block-heading\"> Kann ich Dich in Deinem Ladengesch\u00e4ft besuchen? <\/h4>\n\n\n\n<p> Leider habe ich kein Ladengesch\u00e4ft. Da ich jeden Tag damit besch\u00e4ftigt bin Eure W\u00fcnsche in meiner Werkstatt umzusetzen kann ich das momentan nicht auch noch stemmen &#8211; aber vielleicht \u00e4ndert sich das ja irgendwann mal \ud83d\ude42 <\/p>\n\n\n\n<h4 class=\"wp-block-heading\"> Wie lange dauert es, bis ich meinen Artikel bekomme? <\/h4>\n\n\n\n<p> Das kann ich Dir leider nicht genau sagen &#8211; es kommt immer darauf an, wieviel ich gerade zu tun habe, wieviel Arbeit Dein St\u00fcck kostet usw. Jedes Teil von mir ist handgefertigt und soll erst dann verschickt werden, wenn es auch wirklich perfekt ist. Aber ich versuche nat\u00fcrlich so schnell wie m\u00f6glich Dir Deinen Artikel zuzuschicken. <\/p>\n\n\n\n<h4 class=\"wp-block-heading\"> Meine Lieferung sieht anders aus als in Deiner Bildergalerie &#8211; ist das normal? <\/h4>\n\n\n\n<p> Ja, da jedes St\u00fcck eine Einzelanfertigung ist sieht es immer ein kleines bisschen anders aus. Und Holz ist auch ein nat\u00fcrliches Material, das auch immer etwas anders aussieht. Aber auch wenn es sich ein wenig von den Bildern unterscheidet &#8211; Du hast ein nur f\u00fcr Dich handgefertigtes Einzelst\u00fcck .<\/p>\n\n\n\n<h4 class=\"wp-block-heading\"> Wie kann ich denn bei Dir einkaufen? <\/h4>\n\n\n\n<p> Ich habe weder Ladengesch\u00e4ft noch Onlineshop. Meld Dich einfach bei mir, dann k\u00f6nnen wir besprechen, was Du gerne h\u00e4ttest und ich kann mir Gedanken dazu machen und Dir auch einen Preis nennen. <\/p>\n\n\n\n<h4 class=\"wp-block-heading\"> Kann ich meine Ware auch bei Dir abholen? <\/h4>\n\n\n\n<p> In Ausnahmef\u00e4llen und nur nach vorheriger Absprache kannst Du Deine Ware auch bei mir in Duisburg abholen. <\/p>\n\n\n\n<h4 class=\"wp-block-heading\"> Lieferst Du auch? <\/h4>\n\n\n\n<p> Nein, ich mache leider keine Lieferungen. Dazu fehlt mir die Zeit und die M\u00f6glichkeit. Aber ich schicke Dir Deinen gew\u00fcnschten Artikel gerne zu. <\/p>\n","protected":false},"excerpt":{"rendered":"<p>FAQ Kann ich Dich in Deinem Ladengesch\u00e4ft besuchen? Leider habe ich kein Ladengesch\u00e4ft. Da ich jeden Tag damit besch\u00e4ftigt bin Eure W\u00fcnsche in meiner Werkstatt umzusetzen kann ich das momentan nicht auch noch stemmen &#8211; aber vielleicht \u00e4ndert sich das ja irgendwann mal \ud83d\ude42 Wie lange dauert es, bis ich meinen Artikel bekomme? Das kann [&hellip;]<\/p>\n","protected":false},"author":1,"featured_media":0,"parent":0,"menu_order":0,"comment_status":"closed","ping_status":"closed","template":"page-templates\/page_front-page.php","meta":{"ngg_post_thumbnail":0,"footnotes":""},"class_list":["post-13","page","type-page","status-publish","hentry"],"_links":{"self":[{"href":"http:\/\/sammyswoodenheart.com\/index.php?rest_route=\/wp\/v2\/pages\/13"}],"collection":[{"href":"http:\/\/sammyswoodenheart.com\/index.php?rest_route=\/wp\/v2\/pages"}],"about":[{"href":"http:\/\/sammyswoodenheart.com\/index.php?rest_route=\/wp\/v2\/types\/page"}],"author":[{"embeddable":true,"href":"http:\/\/sammyswoodenheart.com\/index.php?rest_route=\/wp\/v2\/users\/1"}],"replies":[{"embeddable":true,"href":"http:\/\/sammyswoodenheart.com\/index.php?rest_route=%2Fwp%2Fv2%2Fcomments&post=13"}],"version-history":[{"count":2,"href":"http:\/\/sammyswoodenheart.com\/index.php?rest_route=\/wp\/v2\/pages\/13\/revisions"}],"predecessor-version":[{"id":139,"href":"http:\/\/sammyswoodenheart.com\/index.php?rest_route=\/wp\/v2\/pages\/13\/revisions\/139"}],"wp:attachment":[{"href":"http:\/\/sammyswoodenheart.com\/index.php?rest_route=%2Fwp%2Fv2%2Fmedia&parent=13"}],"curies":[{"name":"wp","href":"https:\/\/api.w.org\/{rel}","templated":true}]}}